{"id":84,"date":"2023-07-24T15:29:33","date_gmt":"2023-07-24T15:29:33","guid":{"rendered":"http:\/\/piotrkolanko.com\/?page_id=84"},"modified":"2026-04-01T08:17:17","modified_gmt":"2026-04-01T08:17:17","slug":"aboutme","status":"publish","type":"page","link":"https:\/\/piotrkolanko.com\/index.php\/aboutme\/","title":{"rendered":"About me"},"content":{"rendered":"\t\t<div data-elementor-type=\"wp-page\" data-elementor-id=\"84\" class=\"elementor elementor-84\" data-elementor-post-type=\"page\">\n\t\t\t\t\t\t\t\t\t<section data-particle_enable=\"false\" data-particle-mobile-disabled=\"false\" class=\"elementor-section elementor-top-section elementor-element elementor-element-949c212 elementor-section-boxed elementor-section-height-default elementor-section-height-default\" data-id=\"949c212\" data-element_type=\"section\">\n\t\t\t\t\t\t<div class=\"elementor-container elementor-column-gap-default\">\n\t\t\t\t\t<div class=\"elementor-column elementor-col-33 elementor-top-column elementor-element elementor-element-d7ea118\" data-id=\"d7ea118\" data-element_type=\"column\">\n\t\t\t<div class=\"elementor-widget-wrap\">\n\t\t\t\t\t\t\t\t\t<\/div>\n\t\t<\/div>\n\t\t\t\t<div class=\"elementor-column elementor-col-33 elementor-top-column elementor-element elementor-element-ba140c9\" data-id=\"ba140c9\" data-element_type=\"column\">\n\t\t\t<div class=\"elementor-widget-wrap elementor-element-populated\">\n\t\t\t\t\t\t\t\t<div class=\"elementor-element elementor-element-49219c8 elementor-widget elementor-widget-spacer\" data-id=\"49219c8\" data-element_type=\"widget\" data-widget_type=\"spacer.default\">\n\t\t\t\t<div class=\"elementor-widget-container\">\n\t\t\t<style>\/*! elementor - v3.14.0 - 26-06-2023 *\/\n.elementor-column .elementor-spacer-inner{height:var(--spacer-size)}.e-con{--container-widget-width:100%}.e-con-inner>.elementor-widget-spacer,.e-con>.elementor-widget-spacer{width:var(--container-widget-width,var(--spacer-size));--align-self:var(--container-widget-align-self,initial);--flex-shrink:0}.e-con-inner>.elementor-widget-spacer>.elementor-widget-container,.e-con-inner>.elementor-widget-spacer>.elementor-widget-container>.elementor-spacer,.e-con>.elementor-widget-spacer>.elementor-widget-container,.e-con>.elementor-widget-spacer>.elementor-widget-container>.elementor-spacer{height:100%}.e-con-inner>.elementor-widget-spacer>.elementor-widget-container>.elementor-spacer>.elementor-spacer-inner,.e-con>.elementor-widget-spacer>.elementor-widget-container>.elementor-spacer>.elementor-spacer-inner{height:var(--container-widget-height,var(--spacer-size))}<\/style>\t\t<div class=\"elementor-spacer\">\n\t\t\t<div class=\"elementor-spacer-inner\"><\/div>\n\t\t<\/div>\n\t\t\t\t<\/div>\n\t\t\t\t<\/div>\n\t\t\t\t\t<\/div>\n\t\t<\/div>\n\t\t\t\t<div class=\"elementor-column elementor-col-33 elementor-top-column elementor-element elementor-element-89fd52a\" data-id=\"89fd52a\" data-element_type=\"column\">\n\t\t\t<div class=\"elementor-widget-wrap\">\n\t\t\t\t\t\t\t\t\t<\/div>\n\t\t<\/div>\n\t\t\t\t\t\t\t<\/div>\n\t\t<\/section>\n\t\t\t\t<section data-particle_enable=\"false\" data-particle-mobile-disabled=\"false\" class=\"elementor-section elementor-top-section elementor-element elementor-element-b13e608 elementor-section-full_width elementor-section-height-default elementor-section-height-default\" data-id=\"b13e608\" data-element_type=\"section\">\n\t\t\t\t\t\t<div class=\"elementor-container elementor-column-gap-default\">\n\t\t\t\t\t<div class=\"elementor-column elementor-col-33 elementor-top-column elementor-element elementor-element-60267b3\" data-id=\"60267b3\" data-element_type=\"column\">\n\t\t\t<div class=\"elementor-widget-wrap elementor-element-populated\">\n\t\t\t\t\t\t\t\t<div class=\"elementor-element elementor-element-82221d2 elementor-widget elementor-widget-image\" data-id=\"82221d2\" data-element_type=\"widget\" data-widget_type=\"image.default\">\n\t\t\t\t<div class=\"elementor-widget-container\">\n\t\t\t<style>\/*! elementor - v3.14.0 - 26-06-2023 *\/\n.elementor-widget-image{text-align:center}.elementor-widget-image a{display:inline-block}.elementor-widget-image a img[src$=\".svg\"]{width:48px}.elementor-widget-image img{vertical-align:middle;display:inline-block}<\/style>\t\t\t\t\t\t\t\t\t\t\t\t<img loading=\"lazy\" decoding=\"async\" width=\"600\" height=\"800\" src=\"https:\/\/piotrkolanko.com\/wp-content\/uploads\/2024\/05\/Piotr-Kolanko-About-me-mini-kopia.jpg\" class=\"attachment-full size-full wp-image-473\" alt=\"Piotr Kolanko About me\" srcset=\"https:\/\/piotrkolanko.com\/wp-content\/uploads\/2024\/05\/Piotr-Kolanko-About-me-mini-kopia.jpg 600w, https:\/\/piotrkolanko.com\/wp-content\/uploads\/2024\/05\/Piotr-Kolanko-About-me-mini-kopia-225x300.jpg 225w\" sizes=\"auto, (max-width: 600px) 100vw, 600px\" \/>\t\t\t\t\t\t\t\t\t\t\t\t\t\t\t<\/div>\n\t\t\t\t<\/div>\n\t\t\t\t\t<\/div>\n\t\t<\/div>\n\t\t\t\t<div class=\"elementor-column elementor-col-33 elementor-top-column elementor-element elementor-element-dcd7b7c\" data-id=\"dcd7b7c\" data-element_type=\"column\">\n\t\t\t<div class=\"elementor-widget-wrap elementor-element-populated\">\n\t\t\t\t\t\t\t\t<div class=\"elementor-element elementor-element-9687c70 elementor-widget elementor-widget-heading\" data-id=\"9687c70\" data-element_type=\"widget\" data-widget_type=\"heading.default\">\n\t\t\t\t<div class=\"elementor-widget-container\">\n\t\t\t<style>\/*! elementor - v3.14.0 - 26-06-2023 *\/\n.elementor-heading-title{padding:0;margin:0;line-height:1}.elementor-widget-heading .elementor-heading-title[class*=elementor-size-]>a{color:inherit;font-size:inherit;line-height:inherit}.elementor-widget-heading .elementor-heading-title.elementor-size-small{font-size:15px}.elementor-widget-heading .elementor-heading-title.elementor-size-medium{font-size:19px}.elementor-widget-heading .elementor-heading-title.elementor-size-large{font-size:29px}.elementor-widget-heading .elementor-heading-title.elementor-size-xl{font-size:39px}.elementor-widget-heading .elementor-heading-title.elementor-size-xxl{font-size:59px}<\/style><h3 class=\"elementor-heading-title elementor-size-default\">Piotr Kolanko -  Contemporary Visual Artist<\/h3>\t\t<\/div>\n\t\t\t\t<\/div>\n\t\t\t\t<div class=\"elementor-element elementor-element-6f4194b elementor-widget elementor-widget-text-editor\" data-id=\"6f4194b\" data-element_type=\"widget\" data-widget_type=\"text-editor.default\">\n\t\t\t\t<div class=\"elementor-widget-container\">\n\t\t\t<style>\/*! elementor - v3.14.0 - 26-06-2023 *\/\n.elementor-widget-text-editor.elementor-drop-cap-view-stacked .elementor-drop-cap{background-color:#69727d;color:#fff}.elementor-widget-text-editor.elementor-drop-cap-view-framed .elementor-drop-cap{color:#69727d;border:3px solid;background-color:transparent}.elementor-widget-text-editor:not(.elementor-drop-cap-view-default) .elementor-drop-cap{margin-top:8px}.elementor-widget-text-editor:not(.elementor-drop-cap-view-default) .elementor-drop-cap-letter{width:1em;height:1em}.elementor-widget-text-editor .elementor-drop-cap{float:left;text-align:center;line-height:1;font-size:50px}.elementor-widget-text-editor .elementor-drop-cap-letter{display:inline-block}<\/style>\t\t\t\t<p>Master of Art 2013 WSUR<br \/>Master of Graphic 2016 Academy of Art Cracow.<br \/>CEO Kwiaty Paproci<\/p><p><span style=\"font-weight: 400;\">Peter was born in Jas\u0142o, a city with an immense historical charge, 97% destroyed during the war. Bombed and depopulated, the city was rebuilt by the hands of its inhabitants after the war&#8217;s end. This history, its emotional charge, and symbolic meaning remain very much alive within the city. The motif of return, reconstruction, and the search for identity is highly significant in the artist&#8217;s work. As a teenager, he became interested in symbols and the psychology of the depths; this was a natural consequence of seeking the foundations of consciousness structure and resulted from the desire to construct a new identity. His art is full of intuition, premonition, mysticism, archetypes, and symbols, deeply rooted in the aesthetics of decay, reconstruction, destruction. The creative process itself is a continuous cycle of building, destruction, and reconstruction upon the ruins. In his art, he reaches for various media, constantly experimenting and expanding the spectrum of his abilities and interests. He states that his art finds its source in the unremitting force of libido, concentrated in the compulsive creative process.<\/span><\/p><p><span style=\"font-weight: 400;\">A vital part of his endeavors is the environment and the relationships associated with space, object, and void. These elements are so characteristic of socio-architectural forms.<\/span><\/p>\t\t\t\t\t\t<\/div>\n\t\t\t\t<\/div>\n\t\t\t\t\t<\/div>\n\t\t<\/div>\n\t\t\t\t<div class=\"elementor-column elementor-col-33 elementor-top-column elementor-element elementor-element-3fd146b\" data-id=\"3fd146b\" data-element_type=\"column\">\n\t\t\t<div class=\"elementor-widget-wrap elementor-element-populated\">\n\t\t\t\t\t\t\t\t<div class=\"elementor-element elementor-element-8d1f55c elementor-widget elementor-widget-heading\" data-id=\"8d1f55c\" data-element_type=\"widget\" data-widget_type=\"heading.default\">\n\t\t\t\t<div class=\"elementor-widget-container\">\n\t\t\t<h3 class=\"elementor-heading-title elementor-size-default\">Exhibitons<\/h3>\t\t<\/div>\n\t\t\t\t<\/div>\n\t\t\t\t<div class=\"elementor-element elementor-element-6f4bd86 elementor-widget__width-initial elementor-widget elementor-widget-text-editor\" data-id=\"6f4bd86\" data-element_type=\"widget\" data-widget_type=\"text-editor.default\">\n\t\t\t\t<div class=\"elementor-widget-container\">\n\t\t\t\t\t\t\t<p>&#8211; &#8220;Good is the enemy of better&#8221; Academy of Music Cracow 2026<br \/>&#8211; &#8221; Winter selection&#8221; Pandora Art Gallery Berlin\u00a0 2026<br \/>\u2013 \u201cTween Peaks\u201d Dom Doktora\u00a0 Gallery Zakopane 2026<br \/>\u2013 \u201cKraken\u201d Ba\u0142agan Gallery Caracov 2025<br \/>-&#8221; Bielska Jesie\u0144&#8221; BWA Bielsko- Bia\u0142a 2025<br \/>\u2013 \u201cUBAN2 Go\u0142\u0105b\u201d Ba\u0142agan Gallery Caracov 2025<br \/>\u2013 \u201cLight move\u201d Gisela Gallery Berlin 2025<br \/>-\u201dMasa Krytyczna\u201d Stocz\u0144a Gda\u0144ska Plenaum , 2025<br \/>&#8211; \u201eWe will see\u201d Podczdam Localize Festival, 2025<br \/>&#8211; \u201dSzaszweek\u201d Dworek Bia\u0142opr\u0105dnicki Cracow 2025<br \/>&#8211; \u201eInferno\u201dAlteos Gallery Ostrava 2025 Cech Republic<br \/><span style=\"font-weight: 400;\">&#8211; &#8220;Light move&#8221; Gisela Gallery Berlin 2025 <\/span><br \/>-&#8220;Unrequested&#8221; Notagallery Berlin 2025<br \/>-&#8220;Talizman Olympia&#8221; Gallery Cracow 2025<br \/>-&#8220;Trash Deco&#8221; Art Spring, Pop Up Rathaus Pankow Berlin 2024<br \/>-&#8220;T4 Gallery&#8221;, 48 Stunden Neuk\u00f6lln, Berlin 2024<br \/>-&#8220;LS43&#8221;, SCOPE Gallery, Berlin 2024<br \/>&#8211; Futura, CX Gallery Berlin 2024<br \/>-Przesilenie, Post Office Gallery Cracov 2024<br \/>-Objects in mirror are closer thanthey appear, <br \/>Olympia Gallery Cracov 2024<br \/>-All my hairy thoughts, Podbrzezie Gallery Cracov 2024<br \/>-\u201dAs Far As\u201d BWA Rzesz\u00f3w 2023<br \/>-\u201eSalon zimowy\u201d CSW Elektrownia Radom 2023<br \/>-\u201dPride\u201d DOGA: Design og arkitektur Norge Oslo 2022<br \/>&#8211; \u201e7. Og\u00f3lnopolski Konkurs dla M\u0142odych Artyst\u00f3w im. Mariana Michalika. Triennale Malarstwa.\u201d Cz\u0119stochowa 2022 <br \/>&#8211; \u2019Illusion fields\u2019 Ufo Art Gallery, Cracow 2022<br \/>&#8211; \u2019Who is the dreamer\u2019 Flowers of fern, Berlin 2021<br \/>&#8211; \u2019Enlightnment\u2019 Ufo Art Gallery, Cracow 2021<br \/>&#8211; \u2019Falling Wall\u2019 Hotel Cracovia, Cracow 2021<br \/>&#8211; \u2019Hydepark\u2019 Notional Museum of Cracow 2020<br \/>&#8211; \u2019From trace to symbol\u2019 Solvay Gallery, Cracow 2020<br \/>&#8211; \u2019Unknown ? ? ?\u2019 UFO Art Gallery, Cracow 2020<br \/>&#8211; \u2019Zen\u2019 UFO Art Gallery, Cracow 2020<br \/>&#8211; \u2019?\u2019 Art Zona, Cracow 2019<br \/>&#8211; \u2019Physion codes\u2019 Szyb Willson Gallery, Katowice 2016<br \/>&#8211; \u2019Open 27\u2019 New Walk Muzeum, Leicester 2016<br \/>&#8211; \u2019Flesh\u2019 Especialgallery, London 2015<br \/>&#8211; \u201913 Friday\u2019 Art. Zona, Cracow 2015<br \/>&#8211; \u2019Hunch\u2019 Solvay Gallery, Cracow 2014<br \/>&#8211; \u2019Worries\u2019 Cultures Center Krosno 2017<br \/>&#8211; \u201919th International Biennial of Small Graphic Forms\u2019,<br \/>Tetevo Macedonia 2016<\/p>\t\t\t\t\t\t<\/div>\n\t\t\t\t<\/div>\n\t\t\t\t<div class=\"elementor-element elementor-element-51a104a elementor-widget elementor-widget-heading\" data-id=\"51a104a\" data-element_type=\"widget\" data-widget_type=\"heading.default\">\n\t\t\t\t<div class=\"elementor-widget-container\">\n\t\t\t<h3 class=\"elementor-heading-title elementor-size-default\">Awards<\/h3>\t\t<\/div>\n\t\t\t\t<\/div>\n\t\t\t\t<div class=\"elementor-element elementor-element-ea8a393 elementor-widget elementor-widget-text-editor\" data-id=\"ea8a393\" data-element_type=\"widget\" data-widget_type=\"text-editor.default\">\n\t\t\t\t<div class=\"elementor-widget-container\">\n\t\t\t\t\t\t\t<p><span style=\"font-weight: 400;\">-Pandora Art Gallery Prize- Berlin\u00a0<br \/>-Art Spring Berlin 2024 Pop Up Rathaus Pankow Final Exhibition <\/span>Prize in \u201eOpen -27\u201d New Walk Muzeum Leicester 11.03.2016<br \/>-\u201ePANKA\u201d award for the best MA diploma in Rzesz\u00f3w<\/p>\t\t\t\t\t\t<\/div>\n\t\t\t\t<\/div>\n\t\t\t\t<div class=\"elementor-element elementor-element-e1bb20b elementor-widget elementor-widget-heading\" data-id=\"e1bb20b\" data-element_type=\"widget\" data-widget_type=\"heading.default\">\n\t\t\t\t<div class=\"elementor-widget-container\">\n\t\t\t<h3 class=\"elementor-heading-title elementor-size-default\">Residences<\/h3>\t\t<\/div>\n\t\t\t\t<\/div>\n\t\t\t\t<div class=\"elementor-element elementor-element-f646692 elementor-widget elementor-widget-text-editor\" data-id=\"f646692\" data-element_type=\"widget\" data-widget_type=\"text-editor.default\">\n\t\t\t\t<div class=\"elementor-widget-container\">\n\t\t\t\t\t\t\t<p>SCOPE Berlin 2024<\/p>\t\t\t\t\t\t<\/div>\n\t\t\t\t<\/div>\n\t\t\t\t\t<\/div>\n\t\t<\/div>\n\t\t\t\t\t\t\t<\/div>\n\t\t<\/section>\n\t\t\t\t\t\t\t<\/div>\n\t\t","protected":false},"excerpt":{"rendered":"<p>Piotr Kolanko &#8211; Contemporary Visual Artist Master of Art 2013 WSURMaster of Graphic 2016 Academy of Art Cracow.CEO Kwiaty Paproci Peter was born in Jas\u0142o, a city with an immense historical charge, 97% destroyed during the war. Bombed and depopulated, the city was rebuilt by the hands of its inhabitants after the war&#8217;s end. This &hellip;<\/p>\n<p class=\"read-more\"> <a class=\"\" href=\"https:\/\/piotrkolanko.com\/index.php\/aboutme\/\"> <span class=\"screen-reader-text\">About me<\/span> Read More &raquo;<\/a><\/p>\n","protected":false},"author":1,"featured_media":0,"parent":0,"menu_order":0,"comment_status":"closed","ping_status":"closed","template":"elementor_header_footer","meta":{"site-sidebar-layout":"no-sidebar","site-content-layout":"page-builder","ast-global-header-display":"","ast-banner-title-visibility":"","ast-main-header-display":"","ast-hfb-above-header-display":"","ast-hfb-below-header-display":"","ast-hfb-mobile-header-display":"","site-post-title":"disabled","ast-breadcrumbs-content":"","ast-featured-img":"disabled","footer-sml-layout":"","theme-transparent-header-meta":"","adv-header-id-meta":"","stick-header-meta":"","header-above-stick-meta":"","header-main-stick-meta":"","header-below-stick-meta":"","footnotes":""},"class_list":["post-84","page","type-page","status-publish","hentry"],"yoast_head":"<!-- This site is optimized with the Yoast SEO plugin v21.3 - https:\/\/yoast.com\/wordpress\/plugins\/seo\/ -->\n<title>About me - Piotr Kolanko Official Portfolio<\/title>\n<meta name=\"description\" content=\"Piotr Kolanko About me: a contemporary visual artist who graduated from WSUR (2013) and the Academy of Fine Arts in Krakow (2016). Director of Kwiaty Paproci. Born in war-torn Jas\u0142o, Piotr has been fascinated with symbolism and deep psychology from a young age. His works, complete with intuition and mysticism, reflect the cycle of destruction and rebuilding. He experiments with various media in art, drawing inspiration from libido and the relentless creative process. His unique perspective on space, object, and void is worth discovering.\" \/>\n<meta name=\"robots\" content=\"index, follow, max-snippet:-1, max-image-preview:large, max-video-preview:-1\" \/>\n<link rel=\"canonical\" href=\"https:\/\/piotrkolanko.com\/index.php\/aboutme\/\" \/>\n<meta property=\"og:locale\" content=\"en_US\" \/>\n<meta property=\"og:type\" content=\"article\" \/>\n<meta property=\"og:title\" content=\"About Me\" \/>\n<meta property=\"og:description\" content=\"Piotr Kolanko, a contemporary visual artist, graduated from WSUR (2013) and the Academy of Fine Arts in Krakow (2016). Director of Kwiaty Paproci. Born in war-torn Jas\u0142o, Piotr has been fascinated with symbolism and deep psychology from a young age. His works, complete with intuition and mysticism, reflect the cycle of destruction and rebuilding. He experiments with various media in art, drawing inspiration from libido and the relentless creative process. His unique perspective on space, object, and void is worth discovering.\" \/>\n<meta property=\"og:url\" content=\"https:\/\/piotrkolanko.com\/index.php\/aboutme\/\" \/>\n<meta property=\"og:site_name\" content=\"Piotr Kolanko Official Portfolio\" \/>\n<meta property=\"article:modified_time\" content=\"2026-04-01T08:17:17+00:00\" \/>\n<meta property=\"og:image\" content=\"http:\/\/piotrkolanko.com\/wp-content\/uploads\/2023\/07\/Piotr-Kolanko-About-me-mini.jpg\" \/>\n\t<meta property=\"og:image:width\" content=\"600\" \/>\n\t<meta property=\"og:image:height\" content=\"800\" \/>\n\t<meta property=\"og:image:type\" content=\"image\/jpeg\" \/>\n<meta name=\"twitter:card\" content=\"summary_large_image\" \/>\n<meta name=\"twitter:label1\" content=\"Est. reading time\" \/>\n\t<meta name=\"twitter:data1\" content=\"3 minutes\" \/>\n<script type=\"application\/ld+json\" class=\"yoast-schema-graph\">{\"@context\":\"https:\/\/schema.org\",\"@graph\":[{\"@type\":\"WebPage\",\"@id\":\"https:\/\/piotrkolanko.com\/index.php\/aboutme\/\",\"url\":\"https:\/\/piotrkolanko.com\/index.php\/aboutme\/\",\"name\":\"About me - Piotr Kolanko Official Portfolio\",\"isPartOf\":{\"@id\":\"https:\/\/piotrkolanko.com\/#website\"},\"datePublished\":\"2023-07-24T15:29:33+00:00\",\"dateModified\":\"2026-04-01T08:17:17+00:00\",\"description\":\"Piotr Kolanko About me: a contemporary visual artist who graduated from WSUR (2013) and the Academy of Fine Arts in Krakow (2016). Director of Kwiaty Paproci. Born in war-torn Jas\u0142o, Piotr has been fascinated with symbolism and deep psychology from a young age. His works, complete with intuition and mysticism, reflect the cycle of destruction and rebuilding. He experiments with various media in art, drawing inspiration from libido and the relentless creative process. His unique perspective on space, object, and void is worth discovering.\",\"breadcrumb\":{\"@id\":\"https:\/\/piotrkolanko.com\/index.php\/aboutme\/#breadcrumb\"},\"inLanguage\":\"en-US\",\"potentialAction\":[{\"@type\":\"ReadAction\",\"target\":[\"https:\/\/piotrkolanko.com\/index.php\/aboutme\/\"]}]},{\"@type\":\"BreadcrumbList\",\"@id\":\"https:\/\/piotrkolanko.com\/index.php\/aboutme\/#breadcrumb\",\"itemListElement\":[{\"@type\":\"ListItem\",\"position\":1,\"name\":\"Strona g\u0142\u00f3wna\",\"item\":\"https:\/\/piotrkolanko.com\/\"},{\"@type\":\"ListItem\",\"position\":2,\"name\":\"About me\"}]},{\"@type\":\"WebSite\",\"@id\":\"https:\/\/piotrkolanko.com\/#website\",\"url\":\"https:\/\/piotrkolanko.com\/\",\"name\":\"Piotr Kolanko Official Portfolio\",\"description\":\"Life is our lucid dream\",\"publisher\":{\"@id\":\"https:\/\/piotrkolanko.com\/#\/schema\/person\/331597f4f596b246072a8a3fcc4dbe51\"},\"potentialAction\":[{\"@type\":\"SearchAction\",\"target\":{\"@type\":\"EntryPoint\",\"urlTemplate\":\"https:\/\/piotrkolanko.com\/?s={search_term_string}\"},\"query-input\":\"required name=search_term_string\"}],\"inLanguage\":\"en-US\"},{\"@type\":[\"Person\",\"Organization\"],\"@id\":\"https:\/\/piotrkolanko.com\/#\/schema\/person\/331597f4f596b246072a8a3fcc4dbe51\",\"name\":\"Piotr\",\"image\":{\"@type\":\"ImageObject\",\"inLanguage\":\"en-US\",\"@id\":\"https:\/\/piotrkolanko.com\/#\/schema\/person\/image\/\",\"url\":\"https:\/\/piotrkolanko.com\/wp-content\/uploads\/2023\/07\/cropped-LOGO.jpg\",\"contentUrl\":\"https:\/\/piotrkolanko.com\/wp-content\/uploads\/2023\/07\/cropped-LOGO.jpg\",\"width\":332,\"height\":333,\"caption\":\"Piotr\"},\"logo\":{\"@id\":\"https:\/\/piotrkolanko.com\/#\/schema\/person\/image\/\"},\"sameAs\":[\"http:\/\/piotrkolanko.com\"]}]}<\/script>\n<!-- \/ Yoast SEO plugin. -->","yoast_head_json":{"title":"About me - Piotr Kolanko Official Portfolio","description":"Piotr Kolanko About me: a contemporary visual artist who graduated from WSUR (2013) and the Academy of Fine Arts in Krakow (2016). Director of Kwiaty Paproci. Born in war-torn Jas\u0142o, Piotr has been fascinated with symbolism and deep psychology from a young age. His works, complete with intuition and mysticism, reflect the cycle of destruction and rebuilding. He experiments with various media in art, drawing inspiration from libido and the relentless creative process. His unique perspective on space, object, and void is worth discovering.","robots":{"index":"index","follow":"follow","max-snippet":"max-snippet:-1","max-image-preview":"max-image-preview:large","max-video-preview":"max-video-preview:-1"},"canonical":"https:\/\/piotrkolanko.com\/index.php\/aboutme\/","og_locale":"en_US","og_type":"article","og_title":"About Me","og_description":"Piotr Kolanko, a contemporary visual artist, graduated from WSUR (2013) and the Academy of Fine Arts in Krakow (2016). Director of Kwiaty Paproci. Born in war-torn Jas\u0142o, Piotr has been fascinated with symbolism and deep psychology from a young age. His works, complete with intuition and mysticism, reflect the cycle of destruction and rebuilding. He experiments with various media in art, drawing inspiration from libido and the relentless creative process. His unique perspective on space, object, and void is worth discovering.","og_url":"https:\/\/piotrkolanko.com\/index.php\/aboutme\/","og_site_name":"Piotr Kolanko Official Portfolio","article_modified_time":"2026-04-01T08:17:17+00:00","og_image":[{"width":600,"height":800,"url":"http:\/\/piotrkolanko.com\/wp-content\/uploads\/2023\/07\/Piotr-Kolanko-About-me-mini.jpg","type":"image\/jpeg"}],"twitter_card":"summary_large_image","twitter_misc":{"Est. reading time":"3 minutes"},"schema":{"@context":"https:\/\/schema.org","@graph":[{"@type":"WebPage","@id":"https:\/\/piotrkolanko.com\/index.php\/aboutme\/","url":"https:\/\/piotrkolanko.com\/index.php\/aboutme\/","name":"About me - Piotr Kolanko Official Portfolio","isPartOf":{"@id":"https:\/\/piotrkolanko.com\/#website"},"datePublished":"2023-07-24T15:29:33+00:00","dateModified":"2026-04-01T08:17:17+00:00","description":"Piotr Kolanko About me: a contemporary visual artist who graduated from WSUR (2013) and the Academy of Fine Arts in Krakow (2016). Director of Kwiaty Paproci. Born in war-torn Jas\u0142o, Piotr has been fascinated with symbolism and deep psychology from a young age. His works, complete with intuition and mysticism, reflect the cycle of destruction and rebuilding. He experiments with various media in art, drawing inspiration from libido and the relentless creative process. His unique perspective on space, object, and void is worth discovering.","breadcrumb":{"@id":"https:\/\/piotrkolanko.com\/index.php\/aboutme\/#breadcrumb"},"inLanguage":"en-US","potentialAction":[{"@type":"ReadAction","target":["https:\/\/piotrkolanko.com\/index.php\/aboutme\/"]}]},{"@type":"BreadcrumbList","@id":"https:\/\/piotrkolanko.com\/index.php\/aboutme\/#breadcrumb","itemListElement":[{"@type":"ListItem","position":1,"name":"Strona g\u0142\u00f3wna","item":"https:\/\/piotrkolanko.com\/"},{"@type":"ListItem","position":2,"name":"About me"}]},{"@type":"WebSite","@id":"https:\/\/piotrkolanko.com\/#website","url":"https:\/\/piotrkolanko.com\/","name":"Piotr Kolanko Official Portfolio","description":"Life is our lucid dream","publisher":{"@id":"https:\/\/piotrkolanko.com\/#\/schema\/person\/331597f4f596b246072a8a3fcc4dbe51"},"potentialAction":[{"@type":"SearchAction","target":{"@type":"EntryPoint","urlTemplate":"https:\/\/piotrkolanko.com\/?s={search_term_string}"},"query-input":"required name=search_term_string"}],"inLanguage":"en-US"},{"@type":["Person","Organization"],"@id":"https:\/\/piotrkolanko.com\/#\/schema\/person\/331597f4f596b246072a8a3fcc4dbe51","name":"Piotr","image":{"@type":"ImageObject","inLanguage":"en-US","@id":"https:\/\/piotrkolanko.com\/#\/schema\/person\/image\/","url":"https:\/\/piotrkolanko.com\/wp-content\/uploads\/2023\/07\/cropped-LOGO.jpg","contentUrl":"https:\/\/piotrkolanko.com\/wp-content\/uploads\/2023\/07\/cropped-LOGO.jpg","width":332,"height":333,"caption":"Piotr"},"logo":{"@id":"https:\/\/piotrkolanko.com\/#\/schema\/person\/image\/"},"sameAs":["http:\/\/piotrkolanko.com"]}]}},"_links":{"self":[{"href":"https:\/\/piotrkolanko.com\/index.php\/wp-json\/wp\/v2\/pages\/84","targetHints":{"allow":["GET"]}}],"collection":[{"href":"https:\/\/piotrkolanko.com\/index.php\/wp-json\/wp\/v2\/pages"}],"about":[{"href":"https:\/\/piotrkolanko.com\/index.php\/wp-json\/wp\/v2\/types\/page"}],"author":[{"embeddable":true,"href":"https:\/\/piotrkolanko.com\/index.php\/wp-json\/wp\/v2\/users\/1"}],"replies":[{"embeddable":true,"href":"https:\/\/piotrkolanko.com\/index.php\/wp-json\/wp\/v2\/comments?post=84"}],"version-history":[{"count":63,"href":"https:\/\/piotrkolanko.com\/index.php\/wp-json\/wp\/v2\/pages\/84\/revisions"}],"predecessor-version":[{"id":989,"href":"https:\/\/piotrkolanko.com\/index.php\/wp-json\/wp\/v2\/pages\/84\/revisions\/989"}],"wp:attachment":[{"href":"https:\/\/piotrkolanko.com\/index.php\/wp-json\/wp\/v2\/media?parent=84"}],"curies":[{"name":"wp","href":"https:\/\/api.w.org\/{rel}","templated":true}]}}